-6
Let g(v) = 18*v - 1. Let r(i) = -55*i + 3. Let t(o) = -7*g(o) - 2*r(o). Suppose 0 = -73*x - 32*x + 105. Calculate t(x).
-15
Let b(q) be the second derivative of q**4/12 + 4*q**3/3 + 4*q**2 - 2*q - 40. Determine b(-7).
1
Let z = 1 - -8. Let g = z - 16. Let b(u) = 4*u**2 - 5*u + u**2 - 6*u**2 + 10. Give b(g).
-4
Let z(l) = -11*l**2 + 2*l + 3. Let k(c) = 6*c**2 - c - 1. Let d(m) = 5*k(m) + 3*z(m). Let s be 7 - (0 + 1) - (-14 + 23). What is d(s)?
-26
Let k(h) = h**2 - 10*h + 27. Suppose 55 = -29*w + 40*w. Calculate k(w).
2
Let d(r) be the first derivative of -r**4/4 - 3*r**3 - 5*r**2/2 + 10*r + 200. Give d(-8).
-14
Let r(p) = p**3 + 3*p**2 - 5*p - 2. Let i(g) = -2*g**3. Let f be i(-1). Suppose f*q + 3*q - 160 = -b, -4*q - 2*b = -128. Let c = q - 36. Give r(c).
2
Suppose 0 = -5*g - 3*b - 46, 0 = -30*b + 29*b - 2. Let l(q) = q + 20. Calculate l(g).
12
Let n(w) = w. Let g be n(3). Let i(j) = -j + 6*j - j - g + 2. Give i(-1).
-5
Suppose f + 3*m - 19 = m, 4*f + 4*m - 60 = 0. Let i(l) = l**2 - 11*l + 8. Determine i(f).
8
Let l(d) be the second derivative of -d**4/12 + d**3/3 + d**2/2 + d. Let b be 1*(10/(-25) + 3/(-5)). Let h be (-1 - -2) + 1 + b*3. Give l(h).
-2
Let o(w) = -5*w - 43. Suppose -65*m = -69*m - 44. Determine o(m).
12
Let b(o) = -o**2 + o + 3. Let g be ((-28)/21)/(2/(-3)). Suppose 0*f = -4*f + g*f. What is b(f)?
3
Suppose -16 - 60 = -4*v. Let b = -5 - v. Let d be (-3 + -4)*b/42. Let j(a) = -a - 1. Calculate j(d).
-5
Suppose 3 = f - 5. Let b be ((-108)/(-16))/(2/f). Suppose -3*k = -2*q + 6, 0*k = -5*q - 3*k - b. Let x(y) = y + 3. Determine x(q).
0
Let k(j) = -2*j + 5. Let q(y) be the third derivative of y**4/8 - 5*y**3/3 + 10*y**2. Let u(b) = -5*k(b) - 3*q(b). Calculate u(-6).
-1
Let l(h) = -10 + 0*h + 10 - h + 12. Let d = 497 - 489. Determine l(d).
4
Let f = -5 + 0. Let x(g) = 25*g**2 + 2 - 49*g**2 + 25*g**2 + 5*g. What is x(f)?
2
Let a(s) = -s**3 - 3*s**2 - 2*s. Let x(b) = -3*b**3 - 9*b**2 - 5*b - 1. Let m(y) = -7*a(y) + 2*x(y). Determine m(-4).
-34
Let a(i) be the third derivative of i**5/15 + i**4/24 - 5*i**3/6 - 216*i**2. Determine a(-2).
9
Let i(c) be the third derivative of c**4/24 + 2*c**3/3 + 75*c**2. What is i(-4)?
0
Let l(x) be the second derivative of -1/2*x**2 + 0*x**4 + 21*x + 0*x**3 + 0 - 1/20*x**5. Give l(-2).
7
Let z(l) be the third derivative of -1/2*l**3 + 1/120*l**6 + 0*l + 1/60*l**5 + 0 + 13*l**2 - 1/24*l**4. What is z(0)?
-3
Suppose 6*v = 16 - 64. Let x(o) = o + 1. What is x(v)?
-7
Let p(w) be the third derivative of w**4/3 + w**3/6 - 76*w**2. What is p(1)?
9
Suppose 21 + 9 = -5*g. Let y be (30/9)/((-4)/g). Let u(k) = -3*k**2 - 17*k - 11. Let a(w) = 2*w**2 + 9*w + 6. Let t(b) = -5*a(b) - 3*u(b). What is t(y)?
8
Suppose 3*h - 90 = 75. Suppose -37 = -5*t + 2*p + 7, -4*t = 5*p - h. Let l = 4 - t. Let z(n) = n**2 + 5*n - 7. Calculate z(l).
-1
Suppose -3 = -3*a + 3. Let o = -45 - -53. Let x(v) = -2*v**3 + 9*v**2 + 3*v + 7. Let i(u) = 3*u**3 - 14*u**2 - 5*u - 11. Let d(l) = o*x(l) + 5*i(l). Give d(a).
-1
Let v(u) = 17*u - 4*u - 19*u. What is v(1)?
-6
Let q(w) = -6*w + 6*w**2 + 0*w - 3 - 20*w**3 + 21*w**3 + 2*w. Suppose 7*c - 30 = 12*c. What is q(c)?
21
Let y(u) = 2*u - 10. Let c(i) = -4*i + 19. Let z(d) = -4*c(d) - 7*y(d). Determine z(6).
6
Let o = -1568 - -1562. Let x(r) = 5*r + 15. Determine x(o).
-15
Suppose -5*s + 75 = 4*z, 24 = 4*s + 16*z - 20*z. Let n(k) = -3*k**2 + s*k**2 + 9*k + 4967*k**3 - 6 - 4968*k**3. Determine n(9).
-6
Let u(b) = b**2 - 5*b - 26. Suppose 8 - 11 = s. Let f be u(s). Let m(z) be the second derivative of -z**4/12 - 2*z**3/3 + 2*z. Give m(f).
4
Let f(s) = -12*s + 7. Let q(l) = -12*l + 8. Let c(k) = -3*f(k) + 2*q(k). What is c(2)?
19
Let d(t) be the second derivative of -2/3*t**3 + 1/12*t**4 + 16*t + 1/2*t**2 + 0. Let z = 8 + -6. What is d(z)?
-3
Let j(m) = m**3 + m**2 - m + 2. Let f(a) = -7*a**3 - 5*a**2 + 5*a - 10. Let d(v) = -f(v) - 6*j(v). Calculate d(2).
4
Suppose -304*z + 35 = -297*z. Let i(a) = -a**3 + 5*a**2 + 4*a - 9. Give i(z).
11
Let m(v) be the first derivative of -v**4/4 - 2*v**3/3 + v**2 - 2*v + 714. Suppose -3*d = 2*u, -4*u - 4*d = -2*d + 8. Calculate m(u).
1
Suppose 0 = -2*a + 2*y - 4*y, a - 5*y + 18 = 0. Let j(q) be the second derivative of q**5/20 + 5*q**4/12 + 2*q**3/3 + q**2 + 10*q - 2. What is j(a)?
8
Let x(g) = 8*g + 2. Let d(l) = -7*l - 1. Let r(y) = -6*d(y) - 5*x(y). Suppose -5*h + 3*v + 21 = 0, 0 = 2*h - 3*v - v. Let p be (-20)/h + 2/6. Calculate r(p).
-10
Let u(v) = 8*v - 37. Let m be u(5). Suppose -m*h + 0*h = -9. Let a(b) = b. Determine a(h).
3
Let p(c) = -2*c**3 + 3*c**2 - c - 1. Let y = -19 - -15. Let h = 2 - y. Suppose -h*g + 4*g + 4 = 0. Calculate p(g).
-7
Let j(o) be the third derivative of -7/8*o**4 + 7*o**2 + 0 + 1/6*o**3 + 0*o. What is j(1)?
-20
Let s(a) = a**3 - 12*a**2 + 12*a - 11. Let f = -96 + 107. What is s(f)?
0
Let k(b) = 12 - 9*b + 8*b + 0*b. Let s be k(-10). Suppose 0 = 3*i + c + 6 + 13, -4*i + 2*c = s. Let t(h) = h**3 + 7*h**2 + 5*h + 7. Give t(i).
13
Let v(i) = -i**2 + 13*i + 6*i + 4 - 22*i. Suppose 3*m = 4*k - 17, 0 = -6*m + m - 5*k - 5. Calculate v(m).
4
Let o(z) = 16*z - 6. Let u(r) = -2*r - 2. Let t(l) = -o(l) - 4*u(l). Calculate t(3).
-10
Let l(w) = -11*w**3 - 7*w**2 - w - 20. Let x(c) = -3*c**3 - 3*c**2 - 6. Let k(p) = 2*l(p) - 7*x(p). Give k(6).
26
Suppose -5*n + 104 = -n. Let y(j) = j + j**2 + 25 - n + 5*j. Calculate y(-5).
-6
Suppose 5*t = -2*o - 22, -o = -5*t + o - 38. Let s be (-4 - t*1) + 2. Suppose s*c + 0*c = 2*u + 26, u + 2*c = -1. Let d(g) = g + 12. What is d(u)?
5
Let p(y) = 2*y**3 - 2*y + 1. Let a be (-9 + 10)*((-1 - 0) + 0). Let x(k) = -2*k**3 + k**2 + k - 1. Let v be x(a). What is p(v)?
1
Let c(x) = 7 - 18 + 8 + 3 - 5*x. Determine c(-1).
5
Let x(s) = -s**2 - s + 1. Let b(h) = 86*h - 8*h**2 + 2*h**2 + 7 - 90*h. Suppose 3*l + 3*r - 6 = 0, -6 = -2*l + l - 5*r. Let n(k) = l*b(k) - 5*x(k). Give n(4).
-10
Let n(z) = z + 4. Suppose 2*k = -l - 7, 0 = k - 2*l + 11 + 5. Let f be n(k). Let s(t) = t**3 + 3*t**2 + 2*t - 1. Give s(f).
-1
Let i be 1*(2 - 0) - -1. Let r be (-2)/(-7)*(7 + 0). Let x(l) = l - 4*l - 3 + r + 4*l. What is x(i)?
2
Let z be 2/(-11) - (-24)/11. Let d = 0 - -3. Let y(p) = 0*p + 2*p + d*p + 0*p - 2. What is y(z)?
8
Let r = 17 - 21. Let g(n) = -1 - 4 - 106*n + 104*n. Give g(r).
3
Let p(r) = 20*r + 7. Let n(k) = 28*k + 6. Let q(x) = -2*n(x) + 3*p(x). Determine q(-3).
-3
Let s(q) = -47*q - 4*q**2 - 48*q + 94*q + 3*q**2. Give s(-2).
-2
Let c(m) = -m. Let f(x) = x**2 + 4*x - 6. Let o be f(-5). Let j(k) = 2*k + 2. Let s(h) = o*j(h) - 3*c(h). What is s(4)?
2
Let x(z) = 1. Let w(l) = 2*l - 9. Let v(h) = w(h) + 5*x(h). Let c(f) = 6 - 3 - f**2 - f - 5*f. Let a be c(-7). What is v(a)?
-12
Let r be 2 + 4 + -3 - 1. Let a be 0/((-12)/r*2/(-12)). Let y(z) = 2*z - 3*z + 0*z + 6. What is y(a)?
6
Let o(f) = 3*f**2 + 9*f + 14. Let v(u) = -2*u**2 - 9*u - 14. Let i(k) = -3*o(k) - 4*v(k). Let y(l) be the first derivative of i(l). What is y(6)?
-3
Let t(y) = -2*y**3 + 3*y**2 - 2*y - 2. Let h(o) = o**3 + o**2 - o. Let x = -13 + 14. Let q be h(x). Let w = q + 1. Give t(w).
-10
Let z(k) = -5*k**3 - 12*k**2 + 11*k - 5. Let w(f) = 11*f**3 + 25*f**2 - 23*f + 10. Let t(n) = -6*w(n) - 13*z(n). Determine t(5).
5
Let n be 4/22 + -2 + 138/(-33). Let m(v) = 3*v**2 + 29*v + 1. Let u(i) = i**2 + 10*i. Let a(d) = -3*m(d) + 8*u(d). Determine a(n).
3
Let k(m) = m**2 - 15*m + 62. Let g be k(7). Let z(y) = y**2 - 2*y - 2. Give z(g).
22
Let k(z) = -2*z - 16 + 132*z**2 + 2*z**3 - 2*z - 25 - 136*z**2 + 43. Give k(3).
8
Let x = -1145 - -1153. Let f(r) = 2*r**2 - 14*r - 17. What is f(x)?
-1
Let s(j) = -j**3 + j**2 - j + 5. Let h = 22 + -6. Suppose 0*x + 4*x = h. Suppose -2*l + 2*z + x = -0*l, 0 = 5*l + 4*z + 8. Calculate s(l).
5
Let l be 1/(((-7)/(-10))/7). Let m be (l/2)/(6 - 7). Let k(q) = -q**2 - 3*q + 2. Give k(m).
-8
Let q(l) = 2*l + 2. Let w = 110 + -107. Let v(f) be the third derivative of f**3/6 + 2*f**2. Let a(p) = w*v(p) - q(p). What is a(6)?
-11
Let i(u) = 85*u**2 + u**3 - 30*u**2 + 7 - 48*u**2 + u. Give i(-5).
52
Let f(z) = -6*z**2 - 1. Suppose 3*l = 5*q + 11, 3*q - 25 = -2*q. Let p be -1*(-1 - (1 - 15)). Let g = l + p. Determine f(g).
-7
Let u = -747 - -745. Let c(a) = -a**2 + 3*a**2 - 3*a**2 + 1. Determine c(u).
-3
Let g = 10 - 14. Let t(p) be the third 